late the remainder when 124 is divided by 12.
4
Calculate the remainder when 20336 is divided by 2259.
5
What is the remainder when 459618 is divided by 1741?
1735
What is the remainder when 3376 is divided by 3361?
15
What is the remainder when 47617 is divided by 328?
57
What is the remainder when 25405 is divided by 1?
0
Calculate the remainder when 3099 is divided by 10.
9
Calculate the remainder when 86755 is divided by 42.
25
Calculate the remainder when 30013 is divided by 3695.
453
What is the remainder when 2290 is divided by 693?
211
Calculate the remainder when 795 is divided by 371.
53
What is the remainder when 58466 is divided by 115?
46
Calculate the remainder when 255966 is divided by 6243.
3
What is the remainder when 5355 is divided by 2668?
19
What is the remainder when 48918 is divided by 5403?
291
What is the remainder when 52653 is divided by 137?
45
Calculate the remainder when 5720 is divided by 636.
632
What is the remainder when 4833 is divided by 439?
4
What is the remainder when 1396 is divided by 1129?
267
Calculate the remainder when 34207 is divided by 24.
7
Calculate the remainder when 5113 is divided by 852.
1
Calculate the remainder when 218923 is divided by 18.
7
Calculate the remainder when 4971 is divided by 93.
42
What is the remainder when 67645 is divided by 198?
127
Calculate the remainder when 253469 is divided by 51.
50
Calculate the remainder when 3047 is divided by 40.
7
Calculate the remainder when 21621 is divided by 101.
7
Calculate the remainder when 3940946 is divided by 75.
71
Calculate the remainder when 1447 is divided by 32.
7
What is the remainder when 65025 is divided by 1049?
1036
What is the remainder when 61501 is divided by 7?
6
What is the remainder when 68397 is divided by 273?
147
What is the remainder when 4826 is divided by 47?
32
What is the remainder when 69650 is divided by 44?
42
Calculate the remainder when 2151 is divided by 319.
237
Calculate the remainder when 11154 is divided by 416.
338
Calculate the remainder when 81796 is divided by 27263.
7
What is the remainder when 19710 is divided by 4924?
14
Calculate the remainder when 3019 is divided by 54.
49
What is the remainder when 1911187 is divided by 17?
13
What is the remainder when 40591 is divided by 1933?
1931
Calculate the remainder when 5649 is divided by 121.
83
What is the remainder when 11048 is divided by 22?
4
What is the remainder when 21644 is divided by 78?
38
What is the remainder when 10004 is divided by 154?
148
Calculate the remainder when 4654 is divided by 463.
24
Calculate the remainder when 2144 is divided by 67.
0
Calculate the remainder when 1186 is divided by 179.
112
What is the remainder when 4943 is divided by 9?
2
What is the remainder when 2670273 is divided by 17?
15
What is the remainder when 2714 is divided by 2708?
6
What is the remainder when 39660 is divided by 848?
652
Calculate the remainder when 2602 is divided by 183.
40
Calculate the remainder when 2315 is divided by 762.
29
Calculate the remainder when 45082 is divided by 135.
127
What is the remainder when 38562 is divided by 523?
383
What is the remainder when 1115 is divided by 22?
15
What is the remainder when 691 is divided by 33?
31
Calculate the remainder when 6841 is divided by 2279.
4
What is the remainder when 95287 is divided by 12?
7
Calculate the remainder when 325985 is divided by 188.
181
What is the remainder when 21278 is divided by 140?
138
Calculate the remainder when 114851 is divided by 12.
11
Calculate the remainder when 2987 is divided by 113.
49
What is the remainder when 6042 is divided by 75?
42
What is the remainder when 24808 is divided by 9?
4
What is the remainder when 12424 is divided by 540?
4
What is the remainder when 81309 is divided by 242?
239
What is the remainder when 45967 is divided by 3830?
7
Calculate the remainder when 6620 is divided by 61.
32
What is the remainder when 3805194 is divided by 1789?
1780
What is the remainder when 4624 is divided by 902?
114
What is the remainder when 34927 is divided by 156?
139
What is the remainder when 13155 is divided by 783?
627
Calculate the remainder when 66442 is divided by 21.
19
What is the remainder when 3526 is divided by 271?
3
What is the remainder when 9760 is divided by 405?
40
What is the remainder when 39055 is divided by 9763?
3
Calculate the remainder when 36610 is divided by 47.
44
Calculate the remainder when 5502 is divided by 104.
94
Calculate the remainder when 3202 is divided by 3188.
14
What is the remainder when 860018 is divided by 23?
2
Calculate the remainder when 12489 is divided by 69.
0
Calculate the remainder when 9063 is divided by 4413.
237
What is the remainder when 22594 is divided by 27?
22
Calculate the remainder when 3913 is divided by 1079.
676
Calculate the remainder when 2127 is divided by 414.
57
Calculate the remainder when 12347 is divided by 4104.
35
What is the remainder when 31146 is divided by 1415?
16
What is the remainder when 8014 is divided by 618?
598
What is the remainder when 17838 is divided by 8874?
90
Calculate the remainder when 12136 is divided by 53.
52
What is the remainder when 11289 is divided by 868?
5
Calculate the remainder when 20351 is divided by 3385.
41
Calculate the remainder when 19637 is divided by 853.
18
What is the remainder when 4279 is divided by 226?
211
What is the remainder when 1279 is divided by 106?
7
What is the remainder when 4284 is divided by 4224?
60
Calculate the remainder when 77505 is divided by 36.
33
Calculate the remainder when 13328 is divided by 208.
16
What is the remainder when 192653 is divided by 154?
153
What is the remainder when 3827 is divided by 1229?
140
What is the remainder when 1924 is divided by 155?
64
What is the remainder when 549599 is divided by 33?
17
What is the remainder when 11898 is divided by 124?
118
Calculate the remainder when 10559 is divided by 2632.
31
Calculate the remainder when 6253 is divided by 196.
177
Calculate the remainder when 10867 is divided by 143.
142
Calculate the remainder when 300445 is divided by 50.
45
What is the remainder when 4860 is divided by 55?
20
Calculate the remainder when 182159 is divided by 440.
439
Calculate the remainder when 584 is divided by 429.
155
What is the remainder when 339088 is divided by 106?
100
Calculate the remainder when 5864 is divided by 38.
12
What is the remainder when 26109 is divided by 1044?
9
Calculate the remainder when 69889 is divided by 11632.
97
Calculate the remainder when 25030 is divided by 2046.
478
What is the remainder when 19253 is divided by 21?
17
Calculate the remainder when 83984 is divided by 874.
80
What is the remainder when 1736489 is divided by 11?
7
Calculate the remainder when 31771 is divided by 169.
168
Calculate the remainder when 1038 is divided by 81.
66
What is the remainder when 50197 is divided by 799?
659
Calculate the remainder when 6295 is divided by 2004.
283
What is the remainder when 5805 is divided by 42?
9
What is the remainder when 3001 is divided by 43?
34
Calculate the remainder when 888 is divided by 89.
87
Calculate the remainder when 18487 is divided by 3696.
7
What is the remainder when 3729 is divided by 1855?
19
Calculate the remainder when 36380 is divided by 161.
155
What is the remainder when 695 is divided by 65?
45
What is the remainder when 40944 is divided by 445?
4
What is the remainder when 14687 is divided by 240?
47
Calculate the remainder when 16475 is divided by 157.
147
What is the remainder when 1822 is divided by 229?
219
Calculate the remainder when 64088 is divided by 42.
38
Calculate the remainder when 160828 is divided by 53594.
46
Calculate the remainder when 132727 is divided by 276.
247
What is the remainder when 23139 is divided by 60?
39
Calculate the remainder when 584659 is divided by 194880.
19
What is the remainder when 8742 is divided by 226?
154
What is the remainder when 99392 is divided by 1658?
1570
Calculate the remainder when 32333 is divided by 32333.
0
What is the remainder when 10843 is divided by 187?
184
Calculate the remainder when 1477 is divided by 311.
233
What is the remainder when 647243 is divided by 27?
26
Calculate the remainder when 26562 is divided by 4.
2
What 